{"id":8345,"date":"2025-12-12T10:53:16","date_gmt":"2025-12-12T09:53:16","guid":{"rendered":"https:\/\/www.caritasbaribitonto.it\/public\/home\/?page_id=8345"},"modified":"2025-12-12T11:14:29","modified_gmt":"2025-12-12T10:14:29","slug":"advocacy-bari-bitonto","status":"publish","type":"page","link":"https:\/\/www.caritasbaribitonto.it\/public\/home\/advocacy\/advocacy-bari-bitonto\/","title":{"rendered":"Advocacy Bari-Bitonto"},"content":{"rendered":"\n<p>Il team dell\u2019advocacy ha da qualche tempo acquistato una considerevole centralit\u00e0 all\u2019interno del mondo Caritas pur non trattandosi di una novit\u00e0 assoluta in quanto advocacy vuol dire \u00abstimolare l\u2019azione delle istituzioni civili e un\u2019adeguata legislazione\u00bb, in collaborazione con altri organismi ed enti sia civili che ecclesiali, come \u00e8 richiamato nel nostro Statuto.<\/p>\n\n\n\n<p>La novit\u00e0 \u00e8 per\u00f2 quella di aver strutturato, dal 9 novembre 2024, presso la Caritas diocesana, un Team a ci\u00f2 dedicato coordinato da&nbsp; Vito Angiulli e di cui fanno parte Nicoletta Cont\u00f2, Vanni De Giosa, Marco Di Ciano, Massimo Melpignano, Vito Micunco, Francesco Minervini e Maurizio Moscara.<\/p>\n\n\n\n<p>Il Team ha la finalit\u00e0 di stimolare, presso le comunit\u00e0 della diocesi, la consapevolezza del fatto che, oltre a intervenire nell\u2019immediato, in chiave curativa, si debba agire anche in un\u2019ottica preventiva sulle cause della povert\u00e0, per riallineare gli inaccettabili squilibri generati dalle disuguaglianze economiche e sociali, secondo il monito di Papa Francesco durante la celebrazione conclusiva dell\u2019ultima Settimana sociale:<\/p>\n\n\n\n<p><em>\u00abL\u2019assistenzialismo \u00e8 nemico della democrazia e nemico del prossimo\u00bb. Il nostro impegno sui territori, cos\u00ec come a livello nazionale, europeo e internazionale, deve quindi mirare a realizzare la giustizia e a rendere concreta la democrazia: per farlo occorre essere portavoce di chi non \u00e8 in grado di difendere i propri diritti in uno scenario che oggi \u00e8 divenuto molto complesso. Le sfide poste dalla transizione climatica e digitale, gli smottamenti geopolitici e i tanti fronti bellici aperti, con le annesse emergenze umanitarie, i problemi di welfare e sostenibilit\u00e0 economica dei sistemi di protezione sociale che interessano il nostro paese, all\u2019interno anche dell\u2019unione europea; insomma, i cambiamenti della realt\u00e0 socio-economica e del quadro normativo nazionale ed europeo rendono necessario aggiornare l\u2019azione di advocacy svolta ai diversi livelli dalle Caritas, in modo da renderla \u00abadeguata ai tempi e ai bisogni\u00bb e, dunque, fruttuosa<\/em>.\u201d<\/p>\n\n\n\n<p>Il Team si propone di stimolare le istituzioni comunali in Bari e nell\u2019Area Metropolitana della Diocesi verso azioni utili a prevenire il disagio e la povert\u00e0, nello stile prefigurato da Don Tonino Bello con il \u201cSamaritano dell\u2019ora prima\u201d.&nbsp;<\/p>\n\n\n\n<p>Il Team, di recente costituzione, ha avviato un duplice livello di attivit\u00e0:&nbsp;<\/p>\n\n\n\n<ul class=\"wp-block-list\">\n<li>L\u2019elaborazione di una strategia di presenza\/comunicazione per interloquire con le Istituzioni<\/li>\n\n\n\n<li>La definizione di un metodo per l\u2019ascolto dei bisogni delle comunit\u00e0 territoriali<\/li>\n<\/ul>\n\n\n\n<p>ritenendo importante, vista l\u2019esposizione pubblica che tali attivit\u00e0 comportano, che le proprie iniziative siano connotate da attenzione a mantenere \u201cindipendenza e distanza da ogni partito\/movimento politico\u201d senza che per\u00f2 ci\u00f2 comporti una mancanza di coraggio nelle denunce pubbliche.<\/p>\n\n\n\n<p>Il Team, in sintonia con il proprio Direttore, si pone l\u2019obiettivo di stimolare le comunit\u00e0 territoriali della Diocesi (quartieri), attivando per il tramite delle Vicarie \u201cteam territoriali di difesa civica\u201d, che assolvano alla funzione di ascolto del bisogno \u201cespresso\u201d ed \u201cinespresso\u201d del territorio, elaborazione di progettazione sociale condivisa e difesa dei diritti trascurati dalle istituzioni espletando la funzione, pur prevista dal legislatore, di \u201cdifensore civico\u201d, poi soppressa dalla stessa normativa per meri motivi economici. Esperienza di successo nei Paesi del Nord Europeo.&nbsp;<\/p>\n","protected":false},"excerpt":{"rendered":"<p>Il team dell\u2019advocacy ha da qualche tempo acquistato una considerevole centralit\u00e0 all\u2019interno del mondo Caritas pur non trattandosi di una [&hellip;]<\/p>\n","protected":false},"author":1,"featured_media":8166,"parent":7421,"menu_order":0,"comment_status":"closed","ping_status":"closed","template":"","meta":{"_uag_custom_page_level_css":"","site-sidebar-layout":"default","site-content-layout":"","ast-site-content-layout":"default","site-content-style":"default","site-sidebar-style":"default","ast-global-header-display":"","ast-banner-title-visibility":"","ast-main-header-display":"","ast-hfb-above-header-display":"","ast-hfb-below-header-display":"","ast-hfb-mobile-header-display":"","site-post-title":"","ast-breadcrumbs-content":"","ast-featured-img":"","footer-sml-layout":"","theme-transparent-header-meta":"","adv-header-id-meta":"","stick-header-meta":"","header-above-stick-meta":"","header-main-stick-meta":"","header-below-stick-meta":"","astra-migrate-meta-layouts":"default","ast-page-background-enabled":"default","ast-page-background-meta":{"desktop":{"background-color":"var(--ast-global-color-5)","background-image":"","background-repeat":"repeat","background-position":"center center","background-size":"auto","background-attachment":"scroll","background-type":"","background-media":"","overlay-type":"","overlay-color":"","overlay-opacity":"","overlay-gradient":""},"tablet":{"background-color":"","background-image":"","background-repeat":"repeat","background-position":"center center","background-size":"auto","background-attachment":"scroll","background-type":"","background-media":"","overlay-type":"","overlay-color":"","overlay-opacity":"","overlay-gradient":""},"mobile":{"background-color":"","background-image":"","background-repeat":"repeat","background-position":"center center","background-size":"auto","background-attachment":"scroll","background-type":"","background-media":"","overlay-type":"","overlay-color":"","overlay-opacity":"","overlay-gradient":""}},"ast-content-background-meta":{"desktop":{"background-color":"var(--ast-global-color-4)","background-image":"","background-repeat":"repeat","background-position":"center center","background-size":"auto","background-attachment":"scroll","background-type":"","background-media":"","overlay-type":"","overlay-color":"","overlay-opacity":"","overlay-gradient":""},"tablet":{"background-color":"var(--ast-global-color-4)","background-image":"","background-repeat":"repeat","background-position":"center center","background-size":"auto","background-attachment":"scroll","background-type":"","background-media":"","overlay-type":"","overlay-color":"","overlay-opacity":"","overlay-gradient":""},"mobile":{"background-color":"var(--ast-global-color-4)","background-image":"","background-repeat":"repeat","background-position":"center center","background-size":"auto","background-attachment":"scroll","background-type":"","background-media":"","overlay-type":"","overlay-color":"","overlay-opacity":"","overlay-gradient":""}},"footnotes":""},"class_list":["post-8345","page","type-page","status-publish","has-post-thumbnail","hentry"],"yoast_head":"<!-- This site is optimized with the Yoast SEO plugin v26.8 - https:\/\/yoast.com\/product\/yoast-seo-wordpress\/ -->\r\n<title>Advocacy Bari-Bitonto - Caritas Diocesana Bari-Bitonto<\/title>\r\n<meta name=\"robots\" content=\"index, follow, max-snippet:-1, max-image-preview:large, max-video-preview:-1\" \/>\r\n<link rel=\"canonical\" href=\"https:\/\/www.caritasbaribitonto.it\/public\/home\/advocacy\/advocacy-bari-bitonto\/\" \/>\r\n<meta property=\"og:locale\" content=\"it_IT\" \/>\r\n<meta property=\"og:type\" content=\"article\" \/>\r\n<meta property=\"og:title\" content=\"Advocacy Bari-Bitonto - Caritas Diocesana Bari-Bitonto\" \/>\r\n<meta property=\"og:description\" content=\"Il team dell\u2019advocacy ha da qualche tempo acquistato una considerevole centralit\u00e0 all\u2019interno del mondo Caritas pur non trattandosi di una [&hellip;]\" \/>\r\n<meta property=\"og:url\" content=\"https:\/\/www.caritasbaribitonto.it\/public\/home\/advocacy\/advocacy-bari-bitonto\/\" \/>\r\n<meta property=\"og:site_name\" content=\"Caritas Diocesana Bari-Bitonto\" \/>\r\n<meta property=\"article:publisher\" content=\"https:\/\/www.facebook.com\/pages\/Caritas-Diocesana-Bari-Bitonto\/533981476753770\" \/>\r\n<meta property=\"article:modified_time\" content=\"2025-12-12T10:14:29+00:00\" \/>\r\n<meta property=\"og:image\" content=\"https:\/\/www.caritasbaribitonto.it\/public\/home\/img\/uploads\/2025\/10\/pexels-photo-2990644-2990644.jpg\" \/>\r\n\t<meta property=\"og:image:width\" content=\"525\" \/>\r\n\t<meta property=\"og:image:height\" content=\"350\" \/>\r\n\t<meta property=\"og:image:type\" content=\"image\/jpeg\" \/>\r\n<meta name=\"twitter:card\" content=\"summary_large_image\" \/>\r\n<meta name=\"twitter:label1\" content=\"Tempo di lettura stimato\" \/>\n\t<meta name=\"twitter:data1\" content=\"3 minuti\" \/>\r\n<script type=\"application\/ld+json\" class=\"yoast-schema-graph\">{\"@context\":\"https:\/\/schema.org\",\"@graph\":[{\"@type\":\"WebPage\",\"@id\":\"https:\/\/www.caritasbaribitonto.it\/public\/home\/advocacy\/advocacy-bari-bitonto\/\",\"url\":\"https:\/\/www.caritasbaribitonto.it\/public\/home\/advocacy\/advocacy-bari-bitonto\/\",\"name\":\"Advocacy Bari-Bitonto - Caritas Diocesana Bari-Bitonto\",\"isPartOf\":{\"@id\":\"https:\/\/www.caritasbaribitonto.it\/public\/home\/#website\"},\"primaryImageOfPage\":{\"@id\":\"https:\/\/www.caritasbaribitonto.it\/public\/home\/advocacy\/advocacy-bari-bitonto\/#primaryimage\"},\"image\":{\"@id\":\"https:\/\/www.caritasbaribitonto.it\/public\/home\/advocacy\/advocacy-bari-bitonto\/#primaryimage\"},\"thumbnailUrl\":\"https:\/\/www.caritasbaribitonto.it\/public\/home\/img\/uploads\/2025\/10\/pexels-photo-2990644-2990644.jpg\",\"datePublished\":\"2025-12-12T09:53:16+00:00\",\"dateModified\":\"2025-12-12T10:14:29+00:00\",\"breadcrumb\":{\"@id\":\"https:\/\/www.caritasbaribitonto.it\/public\/home\/advocacy\/advocacy-bari-bitonto\/#breadcrumb\"},\"inLanguage\":\"it-IT\",\"potentialAction\":[{\"@type\":\"ReadAction\",\"target\":[\"https:\/\/www.caritasbaribitonto.it\/public\/home\/advocacy\/advocacy-bari-bitonto\/\"]}]},{\"@type\":\"ImageObject\",\"inLanguage\":\"it-IT\",\"@id\":\"https:\/\/www.caritasbaribitonto.it\/public\/home\/advocacy\/advocacy-bari-bitonto\/#primaryimage\",\"url\":\"https:\/\/www.caritasbaribitonto.it\/public\/home\/img\/uploads\/2025\/10\/pexels-photo-2990644-2990644.jpg\",\"contentUrl\":\"https:\/\/www.caritasbaribitonto.it\/public\/home\/img\/uploads\/2025\/10\/pexels-photo-2990644-2990644.jpg\",\"width\":525,\"height\":350,\"caption\":\"Crowd holding a protest sign with 'Fight Today for a Better Tomorrow', outdoors and during the day.\"},{\"@type\":\"BreadcrumbList\",\"@id\":\"https:\/\/www.caritasbaribitonto.it\/public\/home\/advocacy\/advocacy-bari-bitonto\/#breadcrumb\",\"itemListElement\":[{\"@type\":\"ListItem\",\"position\":1,\"name\":\"Home\",\"item\":\"https:\/\/www.caritasbaribitonto.it\/public\/home\/\"},{\"@type\":\"ListItem\",\"position\":2,\"name\":\"ADVOCACY\",\"item\":\"https:\/\/www.caritasbaribitonto.it\/public\/home\/advocacy\/\"},{\"@type\":\"ListItem\",\"position\":3,\"name\":\"Advocacy Bari-Bitonto\"}]},{\"@type\":\"WebSite\",\"@id\":\"https:\/\/www.caritasbaribitonto.it\/public\/home\/#website\",\"url\":\"https:\/\/www.caritasbaribitonto.it\/public\/home\/\",\"name\":\"Caritas Diocesana Bari-Bitonto\",\"description\":\"I santi della porta accanto\",\"publisher\":{\"@id\":\"https:\/\/www.caritasbaribitonto.it\/public\/home\/#organization\"},\"potentialAction\":[{\"@type\":\"SearchAction\",\"target\":{\"@type\":\"EntryPoint\",\"urlTemplate\":\"https:\/\/www.caritasbaribitonto.it\/public\/home\/?s={search_term_string}\"},\"query-input\":{\"@type\":\"PropertyValueSpecification\",\"valueRequired\":true,\"valueName\":\"search_term_string\"}}],\"inLanguage\":\"it-IT\"},{\"@type\":\"Organization\",\"@id\":\"https:\/\/www.caritasbaribitonto.it\/public\/home\/#organization\",\"name\":\"Caritas Diocesana Bari-Bitonto\",\"url\":\"https:\/\/www.caritasbaribitonto.it\/public\/home\/\",\"logo\":{\"@type\":\"ImageObject\",\"inLanguage\":\"it-IT\",\"@id\":\"https:\/\/www.caritasbaribitonto.it\/public\/home\/#\/schema\/logo\/image\/\",\"url\":\"https:\/\/www.caritasbaribitonto.it\/public\/home\/img\/uploads\/2025\/02\/cropped-cropped-caritas2025_350x112.png\",\"contentUrl\":\"https:\/\/www.caritasbaribitonto.it\/public\/home\/img\/uploads\/2025\/02\/cropped-cropped-caritas2025_350x112.png\",\"width\":350,\"height\":112,\"caption\":\"Caritas Diocesana Bari-Bitonto\"},\"image\":{\"@id\":\"https:\/\/www.caritasbaribitonto.it\/public\/home\/#\/schema\/logo\/image\/\"},\"sameAs\":[\"https:\/\/www.facebook.com\/pages\/Caritas-Diocesana-Bari-Bitonto\/533981476753770\"]}]}<\/script>\r\n<!-- \/ Yoast SEO plugin. -->","yoast_head_json":{"title":"Advocacy Bari-Bitonto - Caritas Diocesana Bari-Bitonto","robots":{"index":"index","follow":"follow","max-snippet":"max-snippet:-1","max-image-preview":"max-image-preview:large","max-video-preview":"max-video-preview:-1"},"canonical":"https:\/\/www.caritasbaribitonto.it\/public\/home\/advocacy\/advocacy-bari-bitonto\/","og_locale":"it_IT","og_type":"article","og_title":"Advocacy Bari-Bitonto - Caritas Diocesana Bari-Bitonto","og_description":"Il team dell\u2019advocacy ha da qualche tempo acquistato una considerevole centralit\u00e0 all\u2019interno del mondo Caritas pur non trattandosi di una [&hellip;]","og_url":"https:\/\/www.caritasbaribitonto.it\/public\/home\/advocacy\/advocacy-bari-bitonto\/","og_site_name":"Caritas Diocesana Bari-Bitonto","article_publisher":"https:\/\/www.facebook.com\/pages\/Caritas-Diocesana-Bari-Bitonto\/533981476753770","article_modified_time":"2025-12-12T10:14:29+00:00","og_image":[{"width":525,"height":350,"url":"https:\/\/www.caritasbaribitonto.it\/public\/home\/img\/uploads\/2025\/10\/pexels-photo-2990644-2990644.jpg","type":"image\/jpeg"}],"twitter_card":"summary_large_image","twitter_misc":{"Tempo di lettura stimato":"3 minuti"},"schema":{"@context":"https:\/\/schema.org","@graph":[{"@type":"WebPage","@id":"https:\/\/www.caritasbaribitonto.it\/public\/home\/advocacy\/advocacy-bari-bitonto\/","url":"https:\/\/www.caritasbaribitonto.it\/public\/home\/advocacy\/advocacy-bari-bitonto\/","name":"Advocacy Bari-Bitonto - Caritas Diocesana Bari-Bitonto","isPartOf":{"@id":"https:\/\/www.caritasbaribitonto.it\/public\/home\/#website"},"primaryImageOfPage":{"@id":"https:\/\/www.caritasbaribitonto.it\/public\/home\/advocacy\/advocacy-bari-bitonto\/#primaryimage"},"image":{"@id":"https:\/\/www.caritasbaribitonto.it\/public\/home\/advocacy\/advocacy-bari-bitonto\/#primaryimage"},"thumbnailUrl":"https:\/\/www.caritasbaribitonto.it\/public\/home\/img\/uploads\/2025\/10\/pexels-photo-2990644-2990644.jpg","datePublished":"2025-12-12T09:53:16+00:00","dateModified":"2025-12-12T10:14:29+00:00","breadcrumb":{"@id":"https:\/\/www.caritasbaribitonto.it\/public\/home\/advocacy\/advocacy-bari-bitonto\/#breadcrumb"},"inLanguage":"it-IT","potentialAction":[{"@type":"ReadAction","target":["https:\/\/www.caritasbaribitonto.it\/public\/home\/advocacy\/advocacy-bari-bitonto\/"]}]},{"@type":"ImageObject","inLanguage":"it-IT","@id":"https:\/\/www.caritasbaribitonto.it\/public\/home\/advocacy\/advocacy-bari-bitonto\/#primaryimage","url":"https:\/\/www.caritasbaribitonto.it\/public\/home\/img\/uploads\/2025\/10\/pexels-photo-2990644-2990644.jpg","contentUrl":"https:\/\/www.caritasbaribitonto.it\/public\/home\/img\/uploads\/2025\/10\/pexels-photo-2990644-2990644.jpg","width":525,"height":350,"caption":"Crowd holding a protest sign with 'Fight Today for a Better Tomorrow', outdoors and during the day."},{"@type":"BreadcrumbList","@id":"https:\/\/www.caritasbaribitonto.it\/public\/home\/advocacy\/advocacy-bari-bitonto\/#breadcrumb","itemListElement":[{"@type":"ListItem","position":1,"name":"Home","item":"https:\/\/www.caritasbaribitonto.it\/public\/home\/"},{"@type":"ListItem","position":2,"name":"ADVOCACY","item":"https:\/\/www.caritasbaribitonto.it\/public\/home\/advocacy\/"},{"@type":"ListItem","position":3,"name":"Advocacy Bari-Bitonto"}]},{"@type":"WebSite","@id":"https:\/\/www.caritasbaribitonto.it\/public\/home\/#website","url":"https:\/\/www.caritasbaribitonto.it\/public\/home\/","name":"Caritas Diocesana Bari-Bitonto","description":"I santi della porta accanto","publisher":{"@id":"https:\/\/www.caritasbaribitonto.it\/public\/home\/#organization"},"potentialAction":[{"@type":"SearchAction","target":{"@type":"EntryPoint","urlTemplate":"https:\/\/www.caritasbaribitonto.it\/public\/home\/?s={search_term_string}"},"query-input":{"@type":"PropertyValueSpecification","valueRequired":true,"valueName":"search_term_string"}}],"inLanguage":"it-IT"},{"@type":"Organization","@id":"https:\/\/www.caritasbaribitonto.it\/public\/home\/#organization","name":"Caritas Diocesana Bari-Bitonto","url":"https:\/\/www.caritasbaribitonto.it\/public\/home\/","logo":{"@type":"ImageObject","inLanguage":"it-IT","@id":"https:\/\/www.caritasbaribitonto.it\/public\/home\/#\/schema\/logo\/image\/","url":"https:\/\/www.caritasbaribitonto.it\/public\/home\/img\/uploads\/2025\/02\/cropped-cropped-caritas2025_350x112.png","contentUrl":"https:\/\/www.caritasbaribitonto.it\/public\/home\/img\/uploads\/2025\/02\/cropped-cropped-caritas2025_350x112.png","width":350,"height":112,"caption":"Caritas Diocesana Bari-Bitonto"},"image":{"@id":"https:\/\/www.caritasbaribitonto.it\/public\/home\/#\/schema\/logo\/image\/"},"sameAs":["https:\/\/www.facebook.com\/pages\/Caritas-Diocesana-Bari-Bitonto\/533981476753770"]}]}},"uagb_featured_image_src":{"full":["https:\/\/www.caritasbaribitonto.it\/public\/home\/img\/uploads\/2025\/10\/pexels-photo-2990644-2990644.jpg",525,350,false],"thumbnail":["https:\/\/www.caritasbaribitonto.it\/public\/home\/img\/uploads\/2025\/10\/pexels-photo-2990644-2990644-150x150.jpg",150,150,true],"medium":["https:\/\/www.caritasbaribitonto.it\/public\/home\/img\/uploads\/2025\/10\/pexels-photo-2990644-2990644-300x200.jpg",300,200,true],"medium_large":["https:\/\/www.caritasbaribitonto.it\/public\/home\/img\/uploads\/2025\/10\/pexels-photo-2990644-2990644.jpg",525,350,false],"large":["https:\/\/www.caritasbaribitonto.it\/public\/home\/img\/uploads\/2025\/10\/pexels-photo-2990644-2990644.jpg",525,350,false],"1536x1536":["https:\/\/www.caritasbaribitonto.it\/public\/home\/img\/uploads\/2025\/10\/pexels-photo-2990644-2990644.jpg",525,350,false],"2048x2048":["https:\/\/www.caritasbaribitonto.it\/public\/home\/img\/uploads\/2025\/10\/pexels-photo-2990644-2990644.jpg",525,350,false]},"uagb_author_info":{"display_name":"Giovanni Caputo","author_link":"https:\/\/www.caritasbaribitonto.it\/public\/home\/author\/admin\/"},"uagb_comment_info":0,"uagb_excerpt":"Il team dell\u2019advocacy ha da qualche tempo acquistato una considerevole centralit\u00e0 all\u2019interno del mondo Caritas pur non trattandosi di una [&hellip;]","_links":{"self":[{"href":"https:\/\/www.caritasbaribitonto.it\/public\/home\/wp-json\/wp\/v2\/pages\/8345","targetHints":{"allow":["GET"]}}],"collection":[{"href":"https:\/\/www.caritasbaribitonto.it\/public\/home\/wp-json\/wp\/v2\/pages"}],"about":[{"href":"https:\/\/www.caritasbaribitonto.it\/public\/home\/wp-json\/wp\/v2\/types\/page"}],"author":[{"embeddable":true,"href":"https:\/\/www.caritasbaribitonto.it\/public\/home\/wp-json\/wp\/v2\/users\/1"}],"replies":[{"embeddable":true,"href":"https:\/\/www.caritasbaribitonto.it\/public\/home\/wp-json\/wp\/v2\/comments?post=8345"}],"version-history":[{"count":1,"href":"https:\/\/www.caritasbaribitonto.it\/public\/home\/wp-json\/wp\/v2\/pages\/8345\/revisions"}],"predecessor-version":[{"id":8346,"href":"https:\/\/www.caritasbaribitonto.it\/public\/home\/wp-json\/wp\/v2\/pages\/8345\/revisions\/8346"}],"up":[{"embeddable":true,"href":"https:\/\/www.caritasbaribitonto.it\/public\/home\/wp-json\/wp\/v2\/pages\/7421"}],"wp:featuredmedia":[{"embeddable":true,"href":"https:\/\/www.caritasbaribitonto.it\/public\/home\/wp-json\/wp\/v2\/media\/8166"}],"wp:attachment":[{"href":"https:\/\/www.caritasbaribitonto.it\/public\/home\/wp-json\/wp\/v2\/media?parent=8345"}],"curies":[{"name":"wp","href":"https:\/\/api.w.org\/{rel}","templated":true}]}}